e s(-17).
-1060
Let s(u) = u**3 - 556*u**2 - 1768*u + 51278. Calculate s(559).
409
Let x(u) = -3*u**3 - 4*u**2 + 50*u - 95. Calculate x(5).
-320
Let k(n) = -305*n**2 + 115601*n - 2282. What is k(379)?
-8
Let w(z) = 1915*z + 95800. What is w(-50)?
50
Let b(u) = u**3 + 55*u**2 + 234*u + 6962. Give b(-53).
178
Let w(r) = 3476*r + 10234. What is w(-3)?
-194
Let o(g) = 214*g**2 + 3295*g + 1200. Calculate o(-15).
-75
Let f(z) = 59942*z + 179632. Determine f(-3).
-194
Let s(q) = 73*q - 7197. Determine s(99).
30
Let d(m) = 52*m - 91. Calculate d(1).
-39
Let n(x) = -6*x**2 - 537*x - 5758. Give n(-78).
-376
Let d(p) = -p**3 - 237*p**2 + 124725*p - 2795. Determine d(254).
-1
Let y(m) = m**3 - 15*m**2 - 2376*m + 700. What is y(-42)?
-56
Let a(y) = 2*y**3 + 46*y**2 - 765*y + 33. Determine a(-34).
611
Let p(a) = -34030*a - 204544. Give p(-6).
-364
Let a(m) = 86*m**2 - 37390*m - 8712. Determine a(435).
-12
Let a(i) = i**2 + 1164*i - 17796. Calculate a(15).
-111
Let l(n) = -n**2 - 2261*n + 70944. Determine l(31).
-108
Let t(i) = -i**2 - 43*i - 3195. Give t(-42).
-3153
Let x(h) = -h**3 + 12*h**2 + 637*h + 1808. Calculate x(-3).
32
Let d(l) = -2*l**2 + 1204*l - 50127. What is d(46)?
1025
Let s(w) = -14*w**3 + 6*w**2 - 439*w + 2435. Give s(6).
-3007
Let b(a) = -8*a**2 + 82*a - 46. Calculate b(10).
-26
Let n(u) = 29195*u - 1926906. What is n(66)?
-36
Let k(r) = -r**3 + 259*r**2 - 4782*r + 480. Give k(239).
2
Let y(n) = -478*n**2 - 192634*n - 102. What is y(-403)?
-102
Let y(s) = -80898*s + 161791. Give y(2).
-5
Let g(a) = a**2 + 907*a + 397. Determine g(0).
397
Let o(m) = m**3 + 43*m**2 - 2238*m - 96272. Give o(-43).
-38
Let h(i) = 12*i**3 - 151*i**2 - 552*i + 6927. Determine h(13).
596
Let o(u) = -122*u**2 - 468*u + 91. Determine o(-4).
11
Let r(f) = -f**2 - 5480*f - 2449601. Determine r(-491).
-2
Let s(p) = 8*p**3 - 540*p**2 + 1343*p - 36368. Calculate s(66).
-2
Let o(l) = 155*l**3 + 295*l**2 - 2*l + 5. Calculate o(-2).
-51
Let s(g) = -g**3 - 37*g**2 + 158*g - 22. Give s(-41).
224
Let u(s) = -3532*s - 360230. Give u(-102).
34
Let u(p) = 3*p**3 - 53*p**2 - 69*p + 573. Give u(18).
-345
Let c(h) = -273752*h + 5201295. Determine c(19).
7
Let w(i) = -122*i**2 - 2203*i + 33. Determine w(-18).
159
Let i(c) = 796*c + 53894. Give i(-68).
-234
Let y(w) = -311*w**2 + 4030*w + 140. Give y(13).
-29
Let x(q) = -q**3 - 267*q**2 - 587*q - 85376. Calculate x(-266).
10
Let a(f) = f**3 - 74*f**2 + 1071*f - 3637. Give a(13).
-23
Let a(l) = -l**2 - 1212*l + 244288. What is a(176)?
0
Let l(b) = 3*b**3 - 206*b**2 - 124*b + 3716. Determine l(69).
-79
Let s(j) = -j**3 - 47*j**2 - 281*j + 1342. Calculate s(-39).
133
Let y(i) = -10088*i - 272314. Determine y(-27).
62
Let r(k) = 2*k**2 - k - 729. Determine r(0).
-729
Let j(h) = -49028*h + 637034. What is j(13)?
-330
Let o(p) = 5470*p + 175082. Calculate o(-32).
42
Let d(z) = 2*z**2 + 20517*z + 102535. Calculate d(-5).
0
Let s(v) = 2*v**2 + 1708*v + 35051. What is s(-21)?
65
Let q(x) = 4*x**2 + 235*x - 6306. What is q(20)?
-6
Let w(i) = 169*i**3 + 5913*i**2 - 63*i + 254. Calculate w(-35).
9
Let d(v) = -v**2 + 149*v + 17918. Give d(-79).
-94
Let c(k) = k**3 + 53*k**2 + 498*k - 5747. Give c(-29).
-5
Let y(x) = 2*x**2 - 4319*x + 55808. What is y(13)?
-1
Let h(a) = a**3 + 48*a**2 + 231*a - 8366. Give h(-34).
-36
Let x(i) = 2*i**2 + 925*i + 65377. Determine x(-87).
40
Let r(u) = 2*u**3 - 27*u**2 - 83*u - 69. Determine r(-2).
-27
Let z(l) = -518*l - 6886. Give z(-14).
366
Let d(b) = -b**3 + 12*b**2 + 133*b - 29. What is d(16)?
1075
Let w(c) = -1678*c + 266629. Determine w(159).
-173
Let z(r) = -r**3 + 69*r**2 - 30*r + 17689. Give z(72).
-23
Let a(q) = 4551*q - 31882. What is a(7)?
-25
Let m(d) = -862*d**2 - 2630*d - 1. Calculate m(-3).
131
Let d(o) = 3*o**3 - 139*o**2 - 114*o + 329. Determine d(47).
-611
Let g(y) = -2*y**3 + 614*y**2 - 622*y + 3803. Give g(306).
743
Let n(u) = -u**2 + 1846*u - 671283. Determine n(498).
21
Let t(h) = -44*h + 4989. Give t(103).
457
Let u(c) = 28847*c + 28873. What is u(-1)?
26
Let u(f) = -4*f**3 + 22*f**2 - 3*f + 653. Give u(0).
653
Let a(n) = 11454*n + 229072. What is a(-20)?
-8
Let r(z) = 2*z**2 + 80*z - 35243. What is r(114)?
-131
Let c(g) = -g**3 + 151*g**2 - 86*g - 9593. Calculate c(150).
7
Let y(f) = -2*f**3 - 4*f**2 - 2804*f - 5610. Give y(-2).
-2
Let v(q) = -10419*q + 208363. What is v(20)?
-17
Let o(g) = -4*g**2 - 87*g - 1167. Determine o(-19).
-958
Let o(z) = -z**3 + 116*z**2 + 3681*z + 1552. Give o(142).
-10
Let j(h) = -2*h**3 - 3980*h**2 + 8224*h + 509944. What is j(-1992)?
-8
Let c(l) = 82*l**2 - 22260*l + 10228. Determine c(271).
-70
Let b(h) = 2993*h + 59878. Determine b(-20).
18
Let k(l) = -12178*l + 304432. Give k(25).
-18
Let s(f) = 1262*f**2 + 16*f - 2. Calculate s(1).
1276
Let f(n) = 51*n**3 + 480*n**2 - 474*n - 4. Determine f(1).
53
Let m(b) = -10776*b + 75438. Calculate m(7).
6
Let s(v) = -8*v**3 + 60*v**2 + 14*v - 24. Calculate s(7).
270
Let f(k) = -3486*k - 31241. Determine f(-9).
133
Let i(m) = 1672*m + 78. Give i(-1).
-1594
Let p(q) = -q**3 - 214*q**2 - 1869*q - 4906. Determine p(-205).
14
Let g(n) = 18711*n + 916840. Give g(-49).
1
Let b(f) = -5*f**2 + 2558*f - 14174. What is b(506)?
-6
Let u(f) = -6*f**2 - 472*f + 788. Determine u(-80).
148
Let l(s) = 2*s**3 + 639*s**2 - 1668*s - 431361. What is l(-320)?
-1
Let w(m) = 3832*m + 10859. Give w(-3).
-637
Let d(w) = 92*w - 7591. Give d(78).
-415
Let p(g) = 4411*g + 141145. What is p(-32)?
-7
Let g(c) = -187399*c + 3560585. Determine g(19).
4
Let z(i) = 119*i**2 - 116508*i + 6840. Give z(979).
-13
Let s(o) = -51*o**3 + 15*o**2 + 12*o - 96. Determine s(2).
-420
Let i(m) = 68*m + 695. Give i(-4).
423
Let t(f) = 4*f**2 + 107*f + 138. Determine t(-1).
35
Let j(b) = 57*b**2 + 7945*b + 112. Calculate j(-139).
-2946
Let g(m) = m**3 - 102*m**2 + 1883*m + 94. Determine g(24).
358
Let s(r) = 2*r**3 - 95*r**2 - 799*r - 1419. Calculate s(55).
11
Let a(d) = -2*d**3 + 266*d**2 - 2680*d - 450. Determine a(122).
38
Let q(d) = 37*d**2 - 696*d + 36. Give q(14).
-2456
Let f(y) = -y**2 - 22743*y + 295816. Calculate f(13).
-12
Let m(i) = 6*i**2 + 174*i + 1060. What is m(-17)?
-164
Let r(f) = -f**2 - 17889*f + 376105. Determine r(21).
-5
Let r(z) = 5*z**2 + 1872*z + 7414. Give r(-4).
6
Let z(r) = -2*r**3 + 62*r**2 + 40*r + 468. Determine z(32).
-300
Let z(b) = 130607*b + 783634. Give z(-6).
-8
Let i(g) = g**3 + 76*g**2 + 979*g - 382. Give i(-17).
26
Let y(f) = 16*f**3 + 145*f**2 + 9*f + 27. What is y(-7)?
1581
Let p(a) = -492*a - 322264. Calculate p(-655).
-4
Let l(v) = 84316*v - 1264780. Determine l(15).
-40
Let h(x) = -x**3 - 147*x**2 - 1135*x - 2825. Calculate h(-139).
372
Let i(f) = 43*f + 8092. What is i(-173)?
653
Let l(k) = 42*k**3 - 3063*k**2 - 208*k - 797. Calculate l(73).
6
Let f(x) = -37*x**3 + 4*x**2 - 7*x - 55. Determine f(-3).
1001
Let r(h) = h**2 - 6*h - 1001. Determine r(-29).
14
Let x(u) = -394*u - 1024. Calculate x(-13).
4098
Let l(c) = 88810*c + 2930706. Give l(-33).
-24
Let x(s) = -134*s + 4526. What is x(33)?
104
Let m(l) = -2447*l - 19570. Calculate m(-8).
6
Let r(o) = -6*o**3 + 69*o**2 - 90*o + 632. Give r(11).
5
Let m(w) = 72446*w**2 + 1376474*w - 12. Give m(-19).
-12
Let y(v) = -1321*v**2 + 140*v - 16. Calculate y(-1).
-1477
Let c(t) = -53*t**3 + 1948*t**2 + 473*t + 276. Determine c(37).
-20
Let z(t) = 110*t**2 + 2980*t + 5964. What is z(-2)?
444
Let i(l) = 43*l**2 - 21194*l + 60753. Give i(490).
-7
Let g(x) = -2*x**3 + 608*x**2 - 334*x - 82428. Give g(303).
-12
Let q(w) = 53*w + 1769. Calculate q(-35).
-86
Let u(b) = 110*b**2 - 669*b - 699. Give u(7).
8
Let g(l) = 1646*l**2 + 65842*l - 59. Determine g(-40).
-139
Let q(r) = 2*r**2 + 396*r + 7634. Determine q(-176).
-110
Let o(w) = -w**3 - 488*w**2 + 1509*w + 17679. Give o(-491).
3
Let a(p) = -2*p**3 + 478*p**2 + 4461*p + 790. Determine a(248).
46
Let q(b) = 93*b**2 - 318*b + 321. Determine q(1).
96
Let y(p) = -12632*p - 669118. Give y(-53).
378
Let i(j) = -176*j**3 + 201*j**2 + 200*j - 2. What is i(-1)?
175
Let h(z) = -17*z**2 + 1524*z + 850. Determine h(90).
310
Let n(g) = -g**3 + 66*g**2 - 18*g + 1036. Calculate n(66).
-152
Let k(d) = 439*d - 9615. Determine k(24).
921
Let f(p) = p**3 - 33*p**2 + 167*p - 24. Calculate f(3).
207
Let a(b) = 3*b**3 + 81*b**2 + 6*b + 267. Give a(-27).
1